= 173*a**3 - a**2 - 3*a + 2. What are the prime factors of q(x)?
3, 19
Let n be (-7608)/(-18) - 4/6. Suppose 6*z = n + 322. What are the prime factors of z?
2, 31
Suppose 4*s = 4*k + 4, k - 3*s = -s - 2. Let f(t) = t**3 + t**2 + 3*t - 8220. Let c be f(k). List the prime factors of ((-4)/(-10))/((-12)/c).
2, 137
List the prime factors of (-6 - 10) + 14844 - -3.
14831
Suppose -108*w + 190*w = 224516. List the prime factors of w.
2, 37
Suppose c - 36758 = -5*y, 33547 = 6*y - 2*c - 10553. List the prime factors of y.
7351
Suppose c = 490 + 320. Suppose 0 = -5*w - m + 4077, -w - 3*m + c = -m. Suppose 11*p - w = 3*p. List the prime factors of p.
2, 3, 17
Let q(m) = -2*m**2 + 13*m + 45. Let a(j) = j**2 - j - 2. Let t(w) = a(w) + q(w). Let l be t(15). List the prime factors of 147 - l - (-3)/1.
2, 19
Let m(j) = 4*j**2 - 8*j + 3. Let c be m(3). Let x be (-3954)/10 - ((-36)/c - -2). Let n = -248 - x. What are the prime factors of n?
3, 7
Let l(i) = i**2 - 2*i + 7. Let s be l(3). Suppose -6*t + s*t = 1696. What are the prime factors of t?
2, 53
Let p(g) = 5167*g + 79. What are the prime factors of p(2)?
3, 13, 89
Let v = -263 - -226. What are the prime factors of (v/(-3))/(4/24)?
2, 37
Let c(i) = -63*i - 197. Suppose 4*t + 129 = 97. What are the prime factors of c(t)?
307
Suppose -158*k + 394255 - 1979857 = -185*k. What are the prime factors of k?
2, 29363
Suppose -35 = -26*a + 69. Suppose -y + a*y = t + 467, -y = t - 157. List the prime factors of y.
2, 3, 13
Suppose -b = -4*d + 34175, d - 15*b = -14*b + 8540. List the prime factors of d.
5, 1709
Let d be (4/8 + -2)/3*0. Suppose d = 3*f - 3*k - 267, -3*f + 2*k = 7*k - 307. Suppose -7*v = -655 - f. List the prime factors of v.
107
Suppose 2*r + 12 = 5*r. Let l be ((-4)/r - 33) + 4. What are the prime factors of (-10)/(-12)*l/(-5)?
5
Let g = 13300 - 1426. List the prime factors of g.
2, 3, 1979
Let j be ((-1)/(-4))/(1/12). Suppose 4*p = 4*u - 16, j*u + u = -4*p + 16. Suppose 7*b - 3*b - 304 = -2*q, -b - 2*q + 73 = p. What are the prime factors of b?
7, 11
Let c(d) = d**2 + 4*d - 11. Let x be c(-6). Let t = 9 - x. What are the prime factors of 192/9 + (t/3 - 2)?
2, 11
Let k = -1518 + 2890. Let x = k - 346. What are the prime factors of x?
2, 3, 19
Let a(p) = p**3 + 5*p**2 + 3*p + 15. Let s be a(-5). Suppose -u + 4*u - 2*w - 736 = s, -5*u + 5*w = -1220. List the prime factors of u.
2, 31
Let b(l) be the second derivative of -22*l + 3/2*l**2 + 1/12*l**4 + 0 - 1/2*l**3 + 21/20*l**5. What are the prime factors of b(2)?
13
List the prime factors of (20/(-3))/((-68)/417894).
2, 5, 17, 241
Let y(w) = w**2 - 3*w - 18. Let k be y(6). Suppose 5 = -z - k, 0 = -3*p + 3*z + 33. Suppose p = -2*d, -6*d + 670 = 5*q - d. List the prime factors of q.
137
Suppose 352116 = 121*o - 183793. List the prime factors of o.
43, 103
Let k = 112189 - 79128. List the prime factors of k.
7, 4723
Let h(j) = 13*j + 140 - 4*j**2 + 5*j**2 - 45. What are the prime factors of h(-20)?
5, 47
Let i(l) = -22*l**2 - 22*l + 105. Let m(v) = -88*v**2 - 88*v + 421. Let g(d) = -9*i(d) + 2*m(d). What are the prime factors of g(8)?
1481
Let c(o) be the first derivative of -o**4/4 - 2*o**3 - 5*o**2 - 5*o + 2. Let u be c(-4). Let d(l) = 6*l**2 + 2*l + 7. What are the prime factors of d(u)?
67
Let z(f) = -f**3 - 23*f**2 + 16*f + 23. Let j be (32 - 4)/(-1) - -4. List the prime factors of z(j).
5, 43
Let d(y) = -6*y**2 + 4*y - 6. Let r be d(-3). Let f = r + 79. List the prime factors of 203/f + (2*-1)/2.
2, 7
Suppose -27 - 54 = -9*i. Let c(j) = -j**3 + 13*j**2 - 6*j - 9. Let y be c(i). Suppose -85*v + y = -82*v. What are the prime factors of v?
3, 29
Suppose 16*b + 3294 = 35742. Suppose 4*v = -9*v + b. What are the prime factors of v?
2, 3, 13
Let n = 2836 - -3969. What are the prime factors of n?
5, 1361
Suppose 51 - 27 = 3*g. Let d(a) = a**3 - 2*a**2 - 20*a + 20. List the prime factors of d(g).
2, 61
Let t be (-308)/(-60) + (-10)/(-225)*-3. Suppose t*h - 2029 = -3*q, 2216 = 5*h - 3*q + 205. List the prime factors of h.
2, 101
Let q(d) = -1067*d - 1700. What are the prime factors of q(-7)?
3, 641
Let h(i) = 13*i + 104. Let v be h(-6). Suppose -v*u + 2152 = -18*u. What are the prime factors of u?
269
Suppose 3138 = 2*w - 3978. List the prime factors of w.
2, 3, 593
Let d be 58962/10 + (-5)/25. Suppose 39*b = 28*b + d. What are the prime factors of b?
2, 67
Suppose -6*i + 4 = -p - 8*i, -4*p + 3*i + 17 = 0. Let n be 0/(-1)*(-1)/p. Suppose n = 3*g - 37 - 5. What are the prime factors of g?
2, 7
Let p = -73 - -64. Let x be -134*(-5)/((-30)/p). Suppose 6*m + x = 915. List the prime factors of m.
7, 17
Suppose 0 = 21*a + 18933 + 10656. Let w = -77 - a. List the prime factors of w.
2, 3, 37
Let x be (251/(-1))/((-4)/(22 + -2)). Suppose 3*g = 8*g - x. What are the prime factors of g?
251
Suppose 63*l = -154*l + 4297902. List the prime factors of l.
2, 3, 3301
Let a = -8334 + 12376. What are the prime factors of a?
2, 43, 47
Suppose -5*d + 3 = -2. Let p(o) = 200*o**2 + 1. What are the prime factors of p(d)?
3, 67
Suppose -17*w - 378594 = -99*w. What are the prime factors of w?
3, 19
Let k(i) = 18*i + 8. Suppose 8*d - 107 + 11 = 0. Suppose -z - n + 6 = 0, -4*z + 2*z + d = -4*n. List the prime factors of k(z).
2, 29
Let t(f) = -5*f**3 + 24*f**2 - 49*f + 151. Let m(d) = -d**3 + 6*d**2 - 12*d + 38. Let p(l) = -9*m(l) + 2*t(l). What are the prime factors of p(-14)?
2, 347
Suppose -8*c + 11*c + 12 = 0. Let a be (0 + c)/2 + 0. List the prime factors of ((-12)/5 - a) + (-2535)/(-25).
101
Let q be (97/(-5) - 1)/(16/160). Let m = q + 521. What are the prime factors of m?
317
Let j be (-2)/3*9/(-6). List the prime factors of 689/j + 13/((-169)/52).
5, 137
Let z(q) = -556*q**3 + 2*q**2 + 10*q - 20. Let a be z(2). Let x = a - -6300. List the prime factors of x.
2, 3, 5, 31
Suppose -37*q + 25 = -42*q. Let n(m) = -26*m - 11. Let z be n(q). Suppose 0 = 5*k + 20, -3*s - 2*k + z = -7*k. List the prime factors of s.
3, 11
Let s = -9123 - -28559. List the prime factors of s.
2, 43, 113
Suppose -78449*k = -78467*k + 1187604. List the prime factors of k.
2, 11, 2999
Suppose i = -6*k + 3*k + 310, -2*i + 110 = k. Suppose -k*u - 1875 = -107*u. What are the prime factors of u?
3, 5
Let i(z) = -6*z - 63. Let o be i(-9). List the prime factors of (52/12 - 4) + (-1383)/o.
2, 7, 11
Let d be 8/14 + (-5 - 10064/(-28)). Let b = 433 - d. What are the prime factors of b?
2, 3, 13
What are the prime factors of 4*(895320/48 - 7)?
2, 89, 419
Suppose 0 = 4*c + 3*p - 966 - 523, -3*p = 5*c - 1865. Suppose -5*y = 5*z - 2070, 4*y - 2*z = c + 1256. List the prime factors of y.
2, 5, 41
Let d(f) = 15*f - 11. Suppose -4*r + 28 = -0. Let a be d(r). Suppose 0 = -4*j + a + 70. List the prime factors of j.
41
Let g be (23/8*-10)/(76/304). Let v = g - -120. Suppose v*z - 2*t - 276 = 0, 0*z - t = 3*z - 159. List the prime factors of z.
2, 3
Let f(d) = d**3 + 10*d**2 - 14*d - 33. Let t be f(-11). Suppose -21*x + 29*x - 2216 = t. List the prime factors of x.
277
List the prime factors of -1 - -1 - (17 - 29985).
2, 1873
Let u(v) = 3*v**2 + 71*v - 22. Let z be (1798/(-186))/(2/6). What are the prime factors of u(z)?
2, 13, 17
Suppose 0 = 93*i + 95*i. Let m be (8/(-6))/((-4)/(-1518)). List the prime factors of (i - -15)*m/(-55).
2, 3, 23
Let s = 10355 - 2589. List the prime factors of s.
2, 11, 353
List the prime factors of 1*4 - (22 - (9708 - -26)).
2, 7, 347
Suppose -2*w + 60 = -46. Let m = 522 + w. What are the prime factors of m?
5, 23
Suppose 5*y + 4*n - 92121 = 0, -25*y + 5*n + 92130 = -20*y. What are the prime factors of y?
5, 11, 67
Suppose -8*d + 450 = 10*d. Suppose 9066 = d*t - 19*t. List the prime factors of t.
1511
Let d be 3*(5 + 80/(-15)). What are the prime factors of 9 + 9 + -13 + (-1204)/d?
3, 13, 31
Let z = -33 + 36. Suppose 3*b + b + 13 = z*y, 5*b = -2*y + 24. Suppose 2*h - 150 = -3*u, y*u - 4*u = 4*h - 300. List the prime factors of h.
3, 5
Suppose -23*l + 128 - 82 = 0. Suppose 719 = 5*y - k, 2*y - l*k - 2*k = 302. List the prime factors of y.
11, 13
Let h(l) = 101*l + 533. Let m(x) = -252*x - 1332. Let a(q) = 12*h(q) + 5*m(q). Let d(v) = 2. Let t(c) = 2*a(c) + 264*d(c). What are the prime factors of t(-1)?
2, 3
Let l(u) = 221*u**2 - 16*u + 9. Let d(g) = 331*g**2 - 25*g + 13. Let b(s) = -5*d(s) + 8*